he greatest common divisor of r and 14.
14
Let t(f) = -f**2 + 4*f + 2. Let r(a) = -a**3 - 14*a**2 - 14*a - 10. Let i be r(-13). Let u be t(i). What is the highest common divisor of 55 and u?
5
Suppose 3*m - 648 = -5*z, 2*z - m - 168 - 100 = 0. Calculate the greatest common factor of z and 12.
12
Let s = -80 + 262. Let b = -122 + s. What is the greatest common divisor of b and 12?
12
Let x(q) = 10*q**3 + 2*q**2 - 6*q - 3. Let n be x(3). Suppose u - 5*u = -3*f + 174, -u + n = 5*f. What is the highest common divisor of 27 and f?
27
Suppose 8*b = 483 - 75. Let r = -11 + b. Let s = 29 - 9. What is the greatest common divisor of r and s?
20
Let r = 32 + 2. Let w = r + -15. Calculate the greatest common divisor of 57 and w.
19
Suppose 0 = -q - 3 + 6. Suppose q*c = 4*n - 2*c - 43, -5*n + 63 = 3*c. What is the greatest common factor of n and 36?
12
Let g be 3 - ((-133)/119 - 2/(-17)). Calculate the greatest common factor of 10 and g.
2
Suppose 0 = -5*h - 15, -h - 23 = -i + 4*h. Let y = -58 + 34. Let q be (y/2)/(3/(-10)). Calculate the greatest common divisor of q and i.
8
Suppose 0 = -z - 3*z + 40. Suppose 11 = p - z. Let q = 2594 + -2426. What is the highest common factor of p and q?
21
Suppose 3*g + 2 = 2*k - 7, -5*k - 2*g - 6 = 0. Suppose k = y + o + 4*o + 20, 0 = y + o. Suppose s = y*s - 72. Calculate the greatest common factor of 6 and s.
6
Let l(u) = -u**2 - 22*u + 213. Let d be l(7). Let c be (-2 - -3 - -1) + -4. Let m be ((-1)/3)/(c/6). What is the highest common factor of d and m?
1
Let a = 7778 - 4691. Calculate the highest common factor of a and 9.
9
Let a(u) = u**3 - 27*u**2 + 36*u - 28. Let s be a(26). Calculate the highest common factor of 29 and s.
29
Let q = 1548 - 1388. What is the greatest common divisor of q and 5?
5
Let t(g) = -g + 17. Let x be t(3). What is the highest common divisor of 14 and x?
14
Let o(d) = d**3 - 6*d**2 - 2*d - 2. Let i be o(7). Let g = i - 31. What is the greatest common divisor of g and 22?
2
Let f = -5 + 2. Let l(x) = -6*x. Let h be l(1). Let c be (31 - 3)*f/h. What is the highest common divisor of 28 and c?
14
Let d(f) = -f**3 + 2*f**2 + 6*f - 8. Let v be d(2). Let i be 1 - v/8*-38. Calculate the greatest common divisor of i and 70.
10
Let j = 439 - 415. What is the greatest common divisor of 54 and j?
6
Let y = -411 - -459. What is the highest common factor of 36 and y?
12
Let l(a) = 6*a + 9. Let i be l(-3). Let h be 3 - i - (2 - 2). Calculate the greatest common divisor of h and 78.
6
Suppose 3*a = -0*a. Suppose a*k = 5*k - 75. Calculate the greatest common divisor of k and 105.
15
Suppose -138 = -3*l - 5*v, 29*l - 27*l = -5*v + 87. Suppose -3*w = 9, -2*w = 3*b - 81 - 15. Calculate the greatest common divisor of b and l.
17
Let q = 33 - 1. Suppose -2*a = 3*h - 157, 5*a - 3*h = -6*h + 397. Calculate the highest common factor of q and a.
16
Let g = -35 - -62. Let q(i) = i**2 - 23*i + 49. Let x be q(22). Calculate the greatest common divisor of x and g.
27
Let m be (-4 + 5)/(-1)*-6. Suppose m*c - 2*c - 371 = -3*h, -2*h = -3*c - 270. Suppose -5*d + h = 19. Calculate the greatest common factor of d and 66.
22
Suppose c + 3*g - 12 - 60 = 0, 4*c - 288 = -5*g. Let o(h) = -3*h + 2. Let a = 22 - 24. Let f be o(a). What is the greatest common divisor of f and c?
8
Let u = 130 + -92. Suppose -4*n - 672 = -2*c - 2*c, 0 = c + 3*n - 160. Suppose 3*f = -p + c, -2*p + 7 + 40 = f. What is the greatest common divisor of f and u?
19
Let k = 1269 - 1155. Calculate the greatest common factor of k and 57.
57
Let t = 16 - -20. Let i = -926 + 1016. Calculate the greatest common divisor of t and i.
18
Let u be 134/26 - 48/312. Suppose 0 = -u*f - 15, -3*h + 19 = 3*f - 23. Calculate the greatest common factor of 68 and h.
17
Let m be (136/(-119))/(3/(-21)). Let x = 2 - -1. Let z be x/3 - (1 - 56). What is the greatest common factor of m and z?
8
Let s(i) = 118*i - 94. Let n be s(3). Calculate the highest common divisor of n and 60.
20
Suppose p = 2*b - 20, -4*b + 0*p = 5*p - 54. Suppose -b = -m - 10. Let q be (m - -7)*77/22. What is the greatest common factor of q and 70?
14
Let o = 5 - 0. Suppose 0 = -o*g + 8*g - 135. Let y = 1062 + -1032. Calculate the greatest common factor of g and y.
15
Let j be 3*10/12*484/55. What is the highest common divisor of j and 220?
22
Let d be (-35)/(-28) - (-19)/4. What is the greatest common factor of d and 78?
6
Let g = 2766 - 2656. Let j = 7 + 3. What is the greatest common divisor of j and g?
10
Let f be ((-8)/(-5))/(4/30). Let h = 230 + -157. Suppose -5*l + 47 + h = 0. What is the highest common factor of l and f?
12
Suppose 47 = -2*w + 201. Suppose -1998*t - 11 = -1999*t. What is the highest common factor of t and w?
11
Let k(m) = -14*m + 71. Let y be k(4). What is the highest common factor of 55 and y?
5
Suppose 5*r - 3*v - 51 = 0, -v + 0*v = -2*r + 20. Let w = r - -13. What is the greatest common divisor of w and 88?
22
Let y = -1723 + 2045. Calculate the highest common divisor of 368 and y.
46
Let w be (-96)/9*(1 + 5). Let l = 671 + -675. Let t be (l/(-8))/((-1)/w). Calculate the highest common factor of 4 and t.
4
Suppose 5*n = -5*r + 40, 13*r - 12*r = 4*n - 42. Suppose 0 = -4*z + z + 30. What is the highest common divisor of n and z?
10
Let b = 3 + 19. Let t = 70 - b. What is the greatest common factor of t and 6?
6
Let n be 65/35 + (-3)/(-21). Suppose 12 - n = -2*v. Let c = 13 - v. Calculate the highest common divisor of 9 and c.
9
Let s be 1 + 1 + 0/(-3). Let o be (23/((-1380)/396))/(3/(-10)). Calculate the greatest common factor of o and s.
2
Let l(i) = 209*i**2. Let u be l(-1). Suppose 9*z + 114 = 11*z. Let b = z + -38. Calculate the highest common divisor of u and b.
19
Let w = 1298 - 434. What is the highest common divisor of w and 108?
108
Suppose y + 2*y + 54 = x, y = -x + 42. Let n = 24659 + -24629. Calculate the greatest common factor of n and x.
15
Let w be 6/15 - (-13)/5. Suppose 0 = k - w, 4*x - 4*k - 293 = 87. Calculate the highest common divisor of x and 28.
14
Let i be -1 + -1 + (-4 - 366)/(-5). What is the highest common factor of i and 8?
8
Suppose 0 = -q - 2*k + 2, 2*q + 0*q - 22 = 2*k. Let h be 2 + (-1 - (-2 - -1)). Suppose 138 + 38 = h*p. What is the greatest common factor of q and p?
8
Suppose 5*g - 110 = 4*k, 0*k - 2*k = -10. What is the highest common factor of g and 1222?
26
Let m(o) = -2*o + 7. Let r be m(5). Let t be r/(-6)*2 - 1. Suppose -5*p = d - t*d - 14, 2*d = 5*p + 58. Calculate the highest common factor of 36 and d.
12
Suppose 3*v = 29 - 116. Let x = 10 - v. Calculate the highest common factor of 13 and x.
13
Let d = -32 - -56. Let c be (-20)/10*(2 + 0) - -64. What is the highest common factor of d and c?
12
Suppose 40 = -11*j - 114. Suppose 4*d + 93 = -3*b, 0 = -2*b - 3*d - 0*d - 63. Let y = j - b. What is the highest common divisor of y and 143?
13
Let p be 12 - (12/(-8))/(3/4). What is the greatest common divisor of 8 and p?
2
Suppose -2*w + 16 + 16 = 0. Suppose -2*h + w = -h + 4*q, -4*q = -4*h + 44. Calculate the greatest common divisor of 84 and h.
12
Let v(u) = 2*u**2 + 22*u + 51. Let o be v(-9). What is the greatest common divisor of 30 and o?
15
Let a(g) = 3*g + 1. Let w be a(-1). Let x be (w + 5)*(-8)/(-6). Let q be (-8)/(-3) - (-2)/(-3). What is the greatest common factor of q and x?
2
Let d = 75 + -26. What is the greatest common divisor of 245 and d?
49
Suppose -v = -2*a - 6, -3 - 5 = -5*v - a. Let u be v*(-6 - -2)/(-2). Calculate the highest common divisor of 28 and u.
4
Suppose -5*k + 0*k = -630. Let x be (-16)/20 + 4 + (-54)/(-5). What is the highest common divisor of x and k?
14
Suppose w + h + 17 = 190, 5*w - 4*h = 838. Calculate the highest common divisor of w and 34.
34
Let k(b) = -b**2 + 53*b + 2. Let g be k(10). Calculate the highest common factor of g and 48.
48
Suppose 4*d - 2*d = -6, -4*d - 2 = 5*b. Suppose b*v = -5*i + 14, 0*i - 2*i = -2*v - 14. Calculate the greatest common divisor of i and 36.
4
Let t(k) = -11*k + 284. Let o be t(14). What is the highest common divisor of 91 and o?
13
Suppose -710 = -5*a - 5*g, -4*a = -6*g + 8*g - 566. What is the greatest common factor of a and 188?
47
Let o = -63 + 101. Suppose -u = 4*x - 76 - 218, 1036 = 4*u - 4*x. Calculate the highest common divisor of u and o.
38
Let c = 1 + 9. Let f 